rt -2c (base 15) to base 11.
-39
What is 1 (base 10) in base 14?
1
What is 2 (base 6) in base 14?
2
What is -205 (base 7) in base 11?
-94
Convert 173 (base 10) to base 5.
1143
What is 4 (base 12) in base 6?
4
1 (base 11) to base 5
1
What is -3 (base 15) in base 13?
-3
Convert 41 (base 9) to base 12.
31
What is 6 (base 7) in base 10?
6
What is 47 (base 12) in base 8?
67
Convert 9b (base 14) to base 4.
2021
What is -22 (base 3) in base 10?
-8
Convert -6 (base 10) to base 8.
-6
-56 (base 9) to base 15
-36
What is -1011 (base 2) in base 6?
-15
51 (base 16) to base 5
311
What is 3131 (base 4) in base 5?
1341
Convert -36 (base 10) to base 2.
-100100
Convert 95 (base 12) to base 9.
135
Convert 9 (base 10) to base 2.
1001
-313 (base 8) to base 11
-175
4 (base 11) to base 7
4
Convert -114 (base 8) to base 7.
-136
Convert -1 (base 5) to base 6.
-1
Convert -4 (base 11) to base 5.
-4
Convert 14 (base 6) to base 14.
a
What is -10110 (base 2) in base 5?
-42
What is -1 (base 7) in base 8?
-1
What is -c (base 13) in base 6?
-20
What is 223 (base 5) in base 9?
70
-11 (base 4) to base 9
-5
What is a0 (base 14) in base 10?
140
Convert 7 (base 8) to base 16.
7
What is 3 (base 10) in base 8?
3
-141 (base 8) to base 10
-97
-10 (base 8) to base 6
-12
1010 (base 3) to base 16
1e
What is -6 (base 11) in base 5?
-11
-41 (base 11) to base 2
-101101
What is 11 (base 14) in base 9?
16
Convert 14 (base 8) to base 10.
12
Convert -101 (base 3) to base 13.
-a
What is -120 (base 3) in base 2?
-1111
6 (base 16) to base 4
12
5 (base 13) to base 12
5
What is 3 (base 8) in base 10?
3
What is -11012 (base 3) in base 8?
-161
-23 (base 4) to base 14
-b
Convert -b1 (base 16) to base 7.
-342
12 (base 3) to base 11
5
Convert 111110 (base 2) to base 4.
332
Convert -9 (base 10) to base 2.
-1001
-441 (base 6) to base 13
-100
What is 0 (base 2) in base 4?
0
-15 (base 16) to base 3
-210
Convert 1 (base 8) to base 12.
1
Convert 3 (base 5) to base 7.
3
What is 2 (base 14) in base 9?
2
b (base 12) to base 3
102
What is -1202 (base 6) in base 8?
-442
Convert 132 (base 4) to base 7.
42
Convert 313 (base 11) to base 4.
11321
Convert -1001010 (base 2) to base 15.
-4e
What is -13c (base 13) in base 6?
-1004
Convert 31 (base 7) to base 13.
19
-6e (base 16) to base 7
-215
10 (base 8) to base 5
13
Convert 12 (base 15) to base 14.
13
Convert -4 (base 8) to base 10.
-4
Convert 7 (base 15) to base 3.
21
Convert 4 (base 6) to base 12.
4
Convert 5 (base 13) to base 10.
5
What is 1 (base 14) in base 4?
1
What is 85 (base 14) in base 3?
11100
1 (base 14) to base 10
1
Convert -4 (base 12) to base 4.
-10
-1101 (base 6) to base 16
-fd
Convert 17 (base 12) to base 4.
103
Convert 15 (base 8) to base 6.
21
-232 (base 7) to base 13
-94
Convert 5 (base 10) to base 9.
5
Convert -41 (base 11) to base 10.
-45
What is 2 (base 6) in base 14?
2
What is -1 (base 5) in base 13?
-1
What is -100 (base 2) in base 13?
-4
Convert 1011010 (base 2) to base 13.
6c
What is 9 (base 13) in base 8?
11
Convert -2 (base 5) to base 12.
-2
-10 (base 6) to base 10
-6
Convert -5 (base 12) to base 7.
-5
10b (base 12) to base 8
233
-16 (base 15) to base 14
-17
ba (base 15) to base 12
127
-20 (base 15) to base 6
-50
1 (base 5) to base 8
1
Convert 42 (base 9) to base 13.
2c
42 (base 7) to base 4
132
Convert 23 (base 4) to base 11.
10
16 (base 7) to base 8
15
Convert 12 (base 8) to base 13.
a
What is -b (base 13) in base 4?
-23
What is -27 (base 14) in base 7?
-50
What is -12 (base 4) in base 13?
-6
What is -7 (base 10) in base 11?
-7
What is 9 (base 10) in base 7?
12
What is 51 (base 12) in base 2?
111101
Convert -211 (base 4) to base 2.
-100101
Convert 3 (base 6) to base 13.
3
What is 3 (base 5) in base 13?
3
-3 (base 8) to base 6
-3
What is 3 (base 9) in base 8?
3
Convert 0 (base 11) to base 10.
0
57 (base 9) to base 6
124
-14 (base 9) to base 3
-111
Convert 351 (base 9) to base 7.
562
0 (base 3) to base 6
0
Convert 12c (base 14) to base 3.
22202
-a (base 11) to base 10
-10
Convert 86 (base 14) to base 11.
a8
Convert 12 (base 13) to base 11.
14
13 (base 7) to base 3
101
Convert 43 (base 8) to base 16.
23
57 (base 10) to base 15
3c
What is 3 (base 16) in base 11?
3
Convert 1 (base 5) to base 6.
1
11 (base 6) to base 16
7
0 (base 7) to base 2
0
50 (base 16) to base 14
5a
What is -5 (base 9) in base 10?
-5
2 (base 6) to base 14
2
-3 (base 12) to base 10
-3
Convert 8 (base 11) to base 2.
1000
-1 (base 12) to base 5
-1
-98 (base 10) to base 14
-70
What is 1 (base 7) in base 8?
1
What is 11020 (base 3) in base 8?
162
-7 (base 12) to base 10
-7
-9 (base 14) to base 13
-9
Convert 71 (base 10) to base 14.
51
What is -109 (base 10) in base 8?
-155
What is 230 (base 4) in base 10?
44
-210 (base 3) to base 14
-17
3 (base 11) to base 13
3
What is -1 (base 15) in base 4?
-1
Convert -16 (base 14) to base 7.
-26
335 (base 6) to base 13
a1
-a (base 13) to base 12
-a
What is -c (base 15) in base 9?
-13
-1 (base 13) to base 2
-1
Convert -42 (base 13) to base 10.
-54
What is 1110 (base 2) in base 6?
22
What is 100011 (base 2) in base 5?
120
What is 13 (base 12) in base 13?
12
Convert 10011 (base 2) to base 16.
13
-14 (base 12) to base 7
-22
Convert 31 (base 7) to base 8.
26
Convert 0 (base 4) to base 8.
0
Convert 23 (base 5) to base 11.
12
What is 236 (base 7) in base 4?
1331
Convert 1 (base 10) to base 9.
1
Convert 1 (base 7) to base 5.
1
What is b (base 12) in base 11?
10
Convert 1 (base 8) to base 15.
1
-201 (base 6) to base 13
-58
Convert 433 (base 5) to base 7.
226
-1 (base 13) to base 6
-1
What is -5 (base 8) in base 15?
-5
Convert -b0 (base 14) to base 12.
-10a
Convert e (base 15) to base 8.
16
What is -1 (base 9) in base 5?
-1
What is 1000111 (base 2) in base 11?
65
20 (base 7) to base 8
16
Convert -2 (base 10) to base 14.
-2
What is 103 (base 6) in base 4?
213
What is -20 (base 4) in base 9?
-8
1 (base 11) to base 7
1
Convert 25 (base 13) to base 8.
37
-1a2 (base 14) to base 10
-338
-38 (base 14) to base 4
-302
What is 1 (base 8) in base 14?
1
-143 (base 5) to base 3
-1210
Convert -207 (base 11) to base 10.
-249
Convert -4 (base 11) to base 12.
-4
-28 (base 9) to base 13
-20
Convert -7 (base 14) to base 12.
-7
What is 140 (base 5) in base 7?
63
0 (base 3) to base 8
0
4 (base 12) to base 7
4
Convert -25 (base 13) to base 8.
-37
e (base 15) to base 16
e
What is 2141 (base 5) in base 14?
172
What is 11 (base 2) in base 4?
3
Convert 12 (base 3) to base 14.
5
33 (base 4) to base 14
11
What is -21120 (base 3) in base 15?
-d9
Convert 1101 (base 2) to base 14.
d
-12 (base 4) to base 16
-6
Convert 0 (base 4) to base 8.
0
Convert 221 (base 4) to base 14.
2d
-101 (base 10) to base 7
-203
-61 (base 10) to base 4
-331
Convert -10000000 (base 2) to base 9.
-152
-9 (base 15) to base 2
-1001
2 (base 5) to base 14
2
What is -201 (base 4) in base 14?
-25
Convert 4 (base 8) to base 7.
4
Convert -4 (base 5) to base 10.
-4
Convert -1343 (base 6) to base 14.
-1b1
-30 (base 13) to base 16
-27
Convert -3 (base 6) to base 11.
-3
100101 (base 2) to base 8
45
What is -18 (base 9) in base 5?
-32
What is 1010001 (base 2) in base 12?
69
Convert -4 (base 8) to base 4.
-10
-21022 (base 3) to base 14
-101
What is 1 (base 3) in base 15?
1
-11 (base 3) to base 10
-4
Convert f1 (base 16) to base 2.
11110001
What is 1000111 (base 2) in base 15?
4b
What is -22 (base 5) in base 10?
-12
3 (base 11) to base 7
3
Convert -1 (base 11) to base 9.
-1
What is -6 (base 14) in base 11?
-6
What is -2010 (base 4) in base 9?
-156
Convert 0 (base 14) to base 6.
0
-10 (base 3) to base 9
-3
8 (base 13) to base 12
8
12 (base 3) to base 5
10
-29 (base 13) to base 2
-100011
Convert 21 (base 7) to base 9.
16
Convert 2b (base 13) to base 11.
34
-6 (base 15) to base 12
-6
56 (base 10) to base 16
38
Convert 1 (base 10) to base 11.
1
-76 (base 11) to base 2
-1010011
1 (base 14) to base 11
1
What is 4 (base 7) in base 14?
4
Convert -21 (base 13) to base 8.
-33
40 (base 12) to base 8
60
What is -3 (base 5) in base 12?
-3
Convert 1221 (base 3) to base 11.
48
Convert 9 (base 16) to base 6.
13
Convert 28 (base 9) to base 2.
11010
98 (base 16) to base 3
12122
What is 12 (base 3) in base 16?
5
Convert -266 (base 7) to base 5.
-1041
What is 173 (base 9) in base 14?
a7
What is -110 (base 2) in base 4?
-12
Convert 48 (bas